t is the highest common divisor of j and g?
11
Let z(c) = 2*c**2 + 10*c + 4. Let g be z(-7). Let i(p) = 6*p**3 + p**2. Let v be i(1). Let m = 11 - v. What is the highest common divisor of m and g?
4
Let d = 27 - -5. Suppose 0 = -4*s - 2*g + 72, -7*g = -3*s - 3*g + d. What is the greatest common divisor of s and 2?
2
Suppose 3*t - 174 = 69. Suppose t = 5*r - 79. What is the greatest common factor of 8 and r?
8
Let r(n) = -5*n**3 + 3*n**2 + n - 5. Let o be r(-3). What is the greatest common divisor of o and 22?
22
Let q(g) = 7*g - 26. Let z be q(5). What is the highest common factor of z and 1?
1
Let v = 4 + 7. Let x(u) = -8*u - 4. Let p be x(-6). Calculate the highest common divisor of v and p.
11
Let n(j) = -10*j. Let i be n(-9). What is the highest common factor of 10 and i?
10
Let v = 78 + -72. What is the highest common divisor of v and 2?
2
Suppose -2*k - 26 = -4*d, -2*d - 5*k = -0*d - 31. What is the greatest common factor of 40 and d?
8
Suppose -3*g + 8*g - 20 = 0. Suppose 231 + 161 = g*c. Calculate the highest common divisor of 14 and c.
14
Suppose 5*j = -n + 15, 2*j + n = -0*j + 6. Suppose j*b - 6*b + 363 = 0. What is the greatest common divisor of 11 and b?
11
Suppose 3*d = 4*d + 5*o - 457, -458 = -d - 4*o. What is the highest common factor of 42 and d?
42
Let b be (-8)/2 + 25 + 3. What is the greatest common factor of 8 and b?
8
Let f(z) = 10*z**3 - z**2. Let w be f(-1). Let t = w - -16. Calculate the highest common factor of 5 and t.
5
Suppose -z - 2*z + c = -86, -104 = -4*z + 4*c. Let b = z + -19. Suppose 274 = 2*p + 98. What is the highest common factor of b and p?
11
Suppose 5*v = 2*n - 19, n + 0*v - 2*v = 8. Let d be ((-4)/3)/(4/(-6)). What is the highest common divisor of n and d?
2
Suppose -4*i + 134 = 3*n, -4*i + 138 = 5*n - 0*n. Suppose 5*d - 4*w = 220, 2*d - 5*w - i - 56 = 0. What is the greatest common factor of d and 4?
4
Let k(z) = 7*z - 1. Let q be k(2). Let g(b) = -b**3 + b - 2. Let n be g(0). Let s be (104/((-2)/n))/1. What is the highest common factor of s and q?
13
Let j(c) = -13*c - 2. Let z be j(-2). Let n be z - (-2)/(3 + -1). What is the highest common divisor of n and 5?
5
Let p(j) = -j**2 + 10*j + 1. Let y be p(9). What is the highest common factor of 25 and y?
5
Suppose 0 = u, -3*u - 16 = -6*q + 2*q. Suppose -31 = q*j - 735. Let z = 56 + -40. Calculate the greatest common divisor of z and j.
16
Let f = -88 - -205. What is the highest common factor of 13 and f?
13
Suppose 2*d - 34 = 2*v, -4*d + d - 96 = 4*v. Let w be (-369)/v + 8/(-14). Calculate the greatest common divisor of w and 17.
17
Let y(g) = -2*g**2 + 21*g - 15. Let b be y(9). Calculate the highest common factor of b and 60.
12
Suppose -54*n = -58*n + 44. Calculate the greatest common divisor of 11 and n.
11
Suppose y - 3*y = -18. Let s = 20 + -17. Calculate the greatest common divisor of s and y.
3
Suppose -2*d + 5*d = 21. Calculate the greatest common factor of d and 7.
7
Let c be (11/4 - 2) + 744/32. What is the highest common divisor of 32 and c?
8
Let s(q) = 2*q**3 - 2*q - 3. Let v(b) = 5*b**3 + b**2 - 4*b - 6. Let j(a) = 5*s(a) - 3*v(a). Let f be j(-3). Calculate the highest common factor of f and 42.
21
Let c(k) = 4 + 0 + 5*k**2 + 5*k - 2 + k**3. Let v be c(-3). Suppose -5*l - 2*j + 233 = 0, v*j - 200 = -l - 3*l. What is the highest common factor of 9 and l?
9
Let c(i) = -i**3 + 11*i**2 + 8*i - 16. Let n be c(11). Calculate the greatest common divisor of n and 18.
18
Let i be 1 + 4/2 + 0. Suppose i*w + 9 = 81. Calculate the highest common divisor of w and 6.
6
Let s = 92 + -86. Calculate the greatest common factor of 2 and s.
2
Let n = -20 - -27. Suppose 5 = 2*g - n. Calculate the greatest common factor of g and 54.
6
Suppose -4*f - s = -8, 4*s - 20 = -3*f - 1. Let b be 3 + 35 + 1 + f. Calculate the highest common divisor of 5 and b.
5
Suppose 74 = 7*g - 31. What is the greatest common factor of 10 and g?
5
Suppose -464 = -6*l + 304. Calculate the greatest common divisor of l and 16.
16
Let i(h) = h**3 + 8*h**2 - 9*h + 3. Let d be i(-9). Suppose 3*z + d = 33. Suppose -3*x = -131 - 199. What is the highest common factor of x and z?
10
Let t be (6/(-5))/(2/(-50)). Suppose s = 5*n + 2*s - t, s + 6 = n. What is the greatest common divisor of 6 and n?
6
Let a = 346 - 234. Calculate the highest common factor of a and 14.
14
Suppose 4*d = f + 3*f - 104, f - 22 = 5*d. Calculate the highest common divisor of f and 270.
27
Let k = 82 - 48. Suppose -w + k = 10. Let n = 138 - -54. What is the greatest common divisor of n and w?
24
Suppose -3*i + 10*i - 476 = 0. Calculate the greatest common divisor of 17 and i.
17
Let o(g) = -8*g. Let w be o(3). Let j = -12 - w. What is the highest common factor of 84 and j?
12
Let b(p) = -p**2 + 12*p - 27. Let q = 27 - 21. Let c be b(q). Let n(o) = 6*o - 3. Let w be n(5). What is the greatest common divisor of c and w?
9
Let f be 62/(-6) + (-2)/3. Let x = 16 + f. Suppose 235 - 85 = x*q. What is the greatest common divisor of 75 and q?
15
Let v be (-212)/(-44) - (-2)/11. Let l be 24/40 + 397/v. Calculate the highest common factor of l and 32.
16
Suppose 5*j - 1 = -2*r, 0*r + 4*r = 3*j + 15. Let n = 49 - 28. Calculate the greatest common divisor of n and r.
3
Suppose -1 = 4*m - 21. What is the highest common divisor of m and 25?
5
Let u = 65 - 32. Let g be u - 3/((-9)/6). What is the highest common factor of 14 and g?
7
Let c(o) be the third derivative of -o**6/60 - o**5/12 - o**4/12 + o**3/2 + 2*o**2. Let y be c(-3). What is the highest common factor of 54 and y?
18
Let x = 102 - 80. What is the highest common factor of x and 55?
11
Let x = -42 - -62. Calculate the highest common factor of 160 and x.
20
Let d be (-3 + -8 + 2)*-1*7. Let y(c) = -8*c + 3*c - 7 + 0*c**2 + c**2. Let w be y(7). What is the greatest common divisor of w and d?
7
Let x(r) = 25*r**3 + r**2 + 5. Let n be x(2). Calculate the greatest common factor of n and 19.
19
Let h = -70 + 82. Let y be (71 - 0) + (0 - -1). Calculate the highest common divisor of h and y.
12
Let i = 10 - 2. Calculate the greatest common factor of i and 32.
8
Let o be -1*45/(18/(-6)). Calculate the greatest common divisor of o and 6.
3
Suppose 47 - 151 = -13*q. What is the highest common divisor of q and 8?
8
Let z be 31 - (11 + 6 + -12). Let d = -84 + 318. What is the greatest common factor of d and z?
26
Let o = -2 + 2. Let w = 0 - o. Suppose -4*r + 5*q + 3 = 0, w = q - 1 - 0. What is the highest common factor of 10 and r?
2
Let k = 39 - -17. Let c(b) be the third derivative of -b**4/8 - 5*b**3/6 - 8*b**2. Let w be c(-4). What is the greatest common divisor of k and w?
7
Suppose 5*t = c - 113, -t - 2*c = 2*c + 31. Let n = t + 2. Let u be (7/n)/((-1)/33). What is the highest common divisor of 55 and u?
11
Suppose 2*w = 97 + 85. What is the greatest common factor of w and 13?
13
Let d(o) be the first derivative of -3*o - 1 + 1/2*o**2. Let g be d(4). Calculate the greatest common factor of g and 4.
1
Suppose -2*w + 290 = 2*a, 0 = w + w + a - 295. Calculate the greatest common divisor of 5 and w.
5
Let r = -4 + 4. Suppose r = 4*a - 2*a - 20. What is the greatest common factor of 110 and a?
10
Suppose 6*y = 5*y - 3, 5*z + 2*y - 594 = 0. Calculate the highest common divisor of 15 and z.
15
Suppose -j + m = -11 - 5, 0 = -j + 4*m + 28. Let d(t) = 4*t + 12. Let p be d(18). What is the highest common divisor of p and j?
12
Suppose 0 = 3*c - 11 - 1. Suppose -353 = -c*d + 7. What is the greatest common divisor of d and 36?
18
Suppose 5*q + 3*q = 144. What is the greatest common factor of 144 and q?
18
Let v = 71 - 54. What is the highest common factor of v and 136?
17
Let s(y) = -4 + 4*y - 3*y + 12. Let l be s(0). Let q = l - 2. What is the greatest common divisor of 12 and q?
6
Let x be (2 - 3 - 0)*0. Let w be 1 - (x + -3 + -2). Let c(r) = r**2 - 4*r - 1. Let l be c(w). Calculate the highest common divisor of 99 and l.
11
Suppose -3*s + 3*d = -2085, 0 = d + 2. Suppose -2*l + s = l. Calculate the greatest common factor of l and 21.
21
Let x be 6/(-14) + 880/77. Calculate the highest common divisor of x and 121.
11
Let t be 2/1*(-77)/(-14). What is the highest common factor of t and 11?
11
Let o be (3 + -5)/((-2)/25). Let y = 7 + -2. What is the highest common divisor of y and o?
5
Let i 